{"id":4393,"date":"2023-06-15T09:54:46","date_gmt":"2023-06-15T07:54:46","guid":{"rendered":"https:\/\/www.ibsasailing.com\/?page_id=4393"},"modified":"2023-07-25T12:04:44","modified_gmt":"2023-07-25T10:04:44","slug":"francesca-clapcich","status":"publish","type":"page","link":"https:\/\/www.ibsasailing.com\/fr\/francesca-clapcich\/","title":{"rendered":"Francesca Clapcich"},"content":{"rendered":"\n<p>Francesca Clapcich est une navigatrice olympique italienne n\u00e9e \u00e0 Trieste en 1988. Des d\u00e9riveurs au tour du monde en \u00e9quipage, Francesca est l\u2019une des rares navigatrices italiennes \u00e0 avoir particip\u00e9 \u00e0 l\u2019Ocean Race, la course qui, tous les trois ans, conduit des \u00e9quipages internationaux autour du monde.<\/p>\n\n\n\n<p>Enr\u00f4l\u00e9e pendant neuf ans dans l\u2019arm\u00e9e de l\u2019air, Francesca a particip\u00e9 \u00e0 deux Jeux olympiques : en 2012 dans la classe Laser en tant que solitaire ; en 2016 dans la classe 49er FX en tant qu\u2019\u00e9quipi\u00e8re de Giulia Conti, avec laquelle elle avait remport\u00e9 les championnats du monde, d\u2019Europe et d\u2019Italie de 49er FX l\u2019ann\u00e9e pr\u00e9c\u00e9dente. En 2015, Francesca a re\u00e7u le Collare d\u2019Oro du M\u00e9rite sportif, la plus haute distinction d\u00e9cern\u00e9e par le&nbsp;CONI, Comit\u00e9 olympique italien.<\/p>\n\n\n\n<p>Depuis 2017, Francesca participe \u00e0 des projets de voile ax\u00e9s sur la durabilit\u00e9 : en 2017, elle a particip\u00e9 \u00e0 la Ocean Race de l\u2019\u00e9poque et a effectu\u00e9 son premier tour du monde \u00e0 bord du VO65 \u00ab&nbsp;Turn the Tide on Plastic&nbsp;\u00bb de la Mirpuri Foundation, dans le but de sensibiliser \u00e0 la r\u00e9duction de l\u2019utilisation du plastique ; au d\u00e9but de l\u2019ann\u00e9e 2023, elle a rejoint l\u2019\u00e9quipage de \u00ab&nbsp;11th Hour Racing&nbsp;\u00bb, une \u00e9quipe cr\u00e9\u00e9e pour promouvoir la protection de l\u2019environnement, et a entam\u00e9 son deuxi\u00e8me tour du monde dans la classe IMOCA.<\/p>\n","protected":false},"excerpt":{"rendered":"<p>Francesca Clapcich est une navigatrice olympique italienne n\u00e9e \u00e0 Trieste en 1988. Des d\u00e9riveurs au tour du monde en \u00e9quipage, Francesca est l\u2019une des rares navigatrices italiennes \u00e0 avoir particip\u00e9 \u00e0 l\u2019Ocean Race, la course qui, tous les trois ans, conduit des \u00e9quipages internationaux autour du monde. Enr\u00f4l\u00e9e pendant neuf ans dans l\u2019arm\u00e9e de l\u2019air, [&hellip;]<\/p>\n","protected":false},"author":4,"featured_media":0,"parent":0,"menu_order":0,"comment_status":"closed","ping_status":"closed","template":"clapcich.php","meta":{"_acf_changed":false,"ngg_post_thumbnail":0,"footnotes":""},"class_list":["post-4393","page","type-page","status-publish","hentry"],"acf":[],"yoast_head":"<!-- This site is optimized with the Yoast SEO plugin v24.3 - https:\/\/yoast.com\/wordpress\/plugins\/seo\/ -->\n<title>Francesca Clapcich - IBSA Sailing<\/title>\n<meta name=\"robots\" content=\"index, follow, max-snippet:-1, max-image-preview:large, max-video-preview:-1\" \/>\n<link rel=\"canonical\" href=\"https:\/\/www.ibsasailing.com\/fr\/francesca-clapcich\/\" \/>\n<meta property=\"og:locale\" content=\"fr_FR\" \/>\n<meta property=\"og:type\" content=\"article\" \/>\n<meta property=\"og:title\" content=\"Francesca Clapcich - IBSA Sailing\" \/>\n<meta property=\"og:description\" content=\"Francesca Clapcich est une navigatrice olympique italienne n\u00e9e \u00e0 Trieste en 1988. Des d\u00e9riveurs au tour du monde en \u00e9quipage, Francesca est l\u2019une des rares navigatrices italiennes \u00e0 avoir particip\u00e9 \u00e0 l\u2019Ocean Race, la course qui, tous les trois ans, conduit des \u00e9quipages internationaux autour du monde. Enr\u00f4l\u00e9e pendant neuf ans dans l\u2019arm\u00e9e de l\u2019air, [&hellip;]\" \/>\n<meta property=\"og:url\" content=\"https:\/\/www.ibsasailing.com\/fr\/francesca-clapcich\/\" \/>\n<meta property=\"og:site_name\" content=\"IBSA Sailing\" \/>\n<meta property=\"article:publisher\" content=\"https:\/\/www.facebook.com\/ibsapharma\/\" \/>\n<meta property=\"article:modified_time\" content=\"2023-07-25T10:04:44+00:00\" \/>\n<meta property=\"og:image\" content=\"https:\/\/www.ibsasailing.com\/wp-content\/uploads\/2023\/07\/Francesca-Clapcich.jpeg\" \/>\n\t<meta property=\"og:image:width\" content=\"1440\" \/>\n\t<meta property=\"og:image:height\" content=\"1080\" \/>\n\t<meta property=\"og:image:type\" content=\"image\/jpeg\" \/>\n<meta name=\"twitter:card\" content=\"summary_large_image\" \/>\n<meta name=\"twitter:label1\" content=\"Dur\u00e9e de lecture estim\u00e9e\" \/>\n\t<meta name=\"twitter:data1\" content=\"2 minutes\" \/>\n<script type=\"application\/ld+json\" class=\"yoast-schema-graph\">{\"@context\":\"https:\/\/schema.org\",\"@graph\":[{\"@type\":\"WebPage\",\"@id\":\"https:\/\/www.ibsasailing.com\/fr\/francesca-clapcich\/\",\"url\":\"https:\/\/www.ibsasailing.com\/fr\/francesca-clapcich\/\",\"name\":\"Francesca Clapcich - IBSA Sailing\",\"isPartOf\":{\"@id\":\"https:\/\/www.ibsasailing.com\/#website\"},\"datePublished\":\"2023-06-15T07:54:46+00:00\",\"dateModified\":\"2023-07-25T10:04:44+00:00\",\"breadcrumb\":{\"@id\":\"https:\/\/www.ibsasailing.com\/fr\/francesca-clapcich\/#breadcrumb\"},\"inLanguage\":\"fr-FR\",\"potentialAction\":[{\"@type\":\"ReadAction\",\"target\":[\"https:\/\/www.ibsasailing.com\/fr\/francesca-clapcich\/\"]}]},{\"@type\":\"BreadcrumbList\",\"@id\":\"https:\/\/www.ibsasailing.com\/fr\/francesca-clapcich\/#breadcrumb\",\"itemListElement\":[{\"@type\":\"ListItem\",\"position\":1,\"name\":\"Home\",\"item\":\"https:\/\/www.ibsasailing.com\/fr\/\"},{\"@type\":\"ListItem\",\"position\":2,\"name\":\"Francesca Clapcich\"}]},{\"@type\":\"WebSite\",\"@id\":\"https:\/\/www.ibsasailing.com\/#website\",\"url\":\"https:\/\/www.ibsasailing.com\/\",\"name\":\"IBSA Sailing\",\"description\":\"Sailing into the Future. Together\",\"publisher\":{\"@id\":\"https:\/\/www.ibsasailing.com\/#organization\"},\"potentialAction\":[{\"@type\":\"SearchAction\",\"target\":{\"@type\":\"EntryPoint\",\"urlTemplate\":\"https:\/\/www.ibsasailing.com\/?s={search_term_string}\"},\"query-input\":{\"@type\":\"PropertyValueSpecification\",\"valueRequired\":true,\"valueName\":\"search_term_string\"}}],\"inLanguage\":\"fr-FR\"},{\"@type\":\"Organization\",\"@id\":\"https:\/\/www.ibsasailing.com\/#organization\",\"name\":\"IBSA Sailing\",\"url\":\"https:\/\/www.ibsasailing.com\/\",\"logo\":{\"@type\":\"ImageObject\",\"inLanguage\":\"fr-FR\",\"@id\":\"https:\/\/www.ibsasailing.com\/#\/schema\/logo\/image\/\",\"url\":\"https:\/\/www.ibsasailing.com\/wp-content\/uploads\/2022\/11\/IBSA_RdR_StartDay40-1-scaled.jpg\",\"contentUrl\":\"https:\/\/www.ibsasailing.com\/wp-content\/uploads\/2022\/11\/IBSA_RdR_StartDay40-1-scaled.jpg\",\"width\":2560,\"height\":1523,\"caption\":\"IBSA Sailing\"},\"image\":{\"@id\":\"https:\/\/www.ibsasailing.com\/#\/schema\/logo\/image\/\"},\"sameAs\":[\"https:\/\/www.facebook.com\/ibsapharma\/\"]}]}<\/script>\n<!-- \/ Yoast SEO plugin. -->","yoast_head_json":{"title":"Francesca Clapcich - IBSA Sailing","robots":{"index":"index","follow":"follow","max-snippet":"max-snippet:-1","max-image-preview":"max-image-preview:large","max-video-preview":"max-video-preview:-1"},"canonical":"https:\/\/www.ibsasailing.com\/fr\/francesca-clapcich\/","og_locale":"fr_FR","og_type":"article","og_title":"Francesca Clapcich - IBSA Sailing","og_description":"Francesca Clapcich est une navigatrice olympique italienne n\u00e9e \u00e0 Trieste en 1988. Des d\u00e9riveurs au tour du monde en \u00e9quipage, Francesca est l\u2019une des rares navigatrices italiennes \u00e0 avoir particip\u00e9 \u00e0 l\u2019Ocean Race, la course qui, tous les trois ans, conduit des \u00e9quipages internationaux autour du monde. Enr\u00f4l\u00e9e pendant neuf ans dans l\u2019arm\u00e9e de l\u2019air, [&hellip;]","og_url":"https:\/\/www.ibsasailing.com\/fr\/francesca-clapcich\/","og_site_name":"IBSA Sailing","article_publisher":"https:\/\/www.facebook.com\/ibsapharma\/","article_modified_time":"2023-07-25T10:04:44+00:00","og_image":[{"width":1440,"height":1080,"url":"https:\/\/www.ibsasailing.com\/wp-content\/uploads\/2023\/07\/Francesca-Clapcich.jpeg","type":"image\/jpeg"}],"twitter_card":"summary_large_image","twitter_misc":{"Dur\u00e9e de lecture estim\u00e9e":"2 minutes"},"schema":{"@context":"https:\/\/schema.org","@graph":[{"@type":"WebPage","@id":"https:\/\/www.ibsasailing.com\/fr\/francesca-clapcich\/","url":"https:\/\/www.ibsasailing.com\/fr\/francesca-clapcich\/","name":"Francesca Clapcich - IBSA Sailing","isPartOf":{"@id":"https:\/\/www.ibsasailing.com\/#website"},"datePublished":"2023-06-15T07:54:46+00:00","dateModified":"2023-07-25T10:04:44+00:00","breadcrumb":{"@id":"https:\/\/www.ibsasailing.com\/fr\/francesca-clapcich\/#breadcrumb"},"inLanguage":"fr-FR","potentialAction":[{"@type":"ReadAction","target":["https:\/\/www.ibsasailing.com\/fr\/francesca-clapcich\/"]}]},{"@type":"BreadcrumbList","@id":"https:\/\/www.ibsasailing.com\/fr\/francesca-clapcich\/#breadcrumb","itemListElement":[{"@type":"ListItem","position":1,"name":"Home","item":"https:\/\/www.ibsasailing.com\/fr\/"},{"@type":"ListItem","position":2,"name":"Francesca Clapcich"}]},{"@type":"WebSite","@id":"https:\/\/www.ibsasailing.com\/#website","url":"https:\/\/www.ibsasailing.com\/","name":"IBSA Sailing","description":"Sailing into the Future. Together","publisher":{"@id":"https:\/\/www.ibsasailing.com\/#organization"},"potentialAction":[{"@type":"SearchAction","target":{"@type":"EntryPoint","urlTemplate":"https:\/\/www.ibsasailing.com\/?s={search_term_string}"},"query-input":{"@type":"PropertyValueSpecification","valueRequired":true,"valueName":"search_term_string"}}],"inLanguage":"fr-FR"},{"@type":"Organization","@id":"https:\/\/www.ibsasailing.com\/#organization","name":"IBSA Sailing","url":"https:\/\/www.ibsasailing.com\/","logo":{"@type":"ImageObject","inLanguage":"fr-FR","@id":"https:\/\/www.ibsasailing.com\/#\/schema\/logo\/image\/","url":"https:\/\/www.ibsasailing.com\/wp-content\/uploads\/2022\/11\/IBSA_RdR_StartDay40-1-scaled.jpg","contentUrl":"https:\/\/www.ibsasailing.com\/wp-content\/uploads\/2022\/11\/IBSA_RdR_StartDay40-1-scaled.jpg","width":2560,"height":1523,"caption":"IBSA Sailing"},"image":{"@id":"https:\/\/www.ibsasailing.com\/#\/schema\/logo\/image\/"},"sameAs":["https:\/\/www.facebook.com\/ibsapharma\/"]}]}},"_links":{"self":[{"href":"https:\/\/www.ibsasailing.com\/fr\/wp-json\/wp\/v2\/pages\/4393","targetHints":{"allow":["GET"]}}],"collection":[{"href":"https:\/\/www.ibsasailing.com\/fr\/wp-json\/wp\/v2\/pages"}],"about":[{"href":"https:\/\/www.ibsasailing.com\/fr\/wp-json\/wp\/v2\/types\/page"}],"author":[{"embeddable":true,"href":"https:\/\/www.ibsasailing.com\/fr\/wp-json\/wp\/v2\/users\/4"}],"replies":[{"embeddable":true,"href":"https:\/\/www.ibsasailing.com\/fr\/wp-json\/wp\/v2\/comments?post=4393"}],"version-history":[{"count":0,"href":"https:\/\/www.ibsasailing.com\/fr\/wp-json\/wp\/v2\/pages\/4393\/revisions"}],"wp:attachment":[{"href":"https:\/\/www.ibsasailing.com\/fr\/wp-json\/wp\/v2\/media?parent=4393"}],"curies":[{"name":"wp","href":"https:\/\/api.w.org\/{rel}","templated":true}]}}

<p>Francesca Clapcich est une navigatrice olympique italienne née à Trieste en 1988. Des dériveurs au tour du monde en équipage, Francesca est l’une des rares navigatrices italiennes à avoir participé à l’Ocean Race, la course qui, tous les trois ans, conduit des équipages internationaux autour du monde.</p>



<p>Enrôlée pendant neuf ans dans l’armée de l’air, Francesca a participé à deux Jeux olympiques : en 2012 dans la classe Laser en tant que solitaire ; en 2016 dans la classe 49er FX en tant qu’équipière de Giulia Conti, avec laquelle elle avait remporté les championnats du monde, d’Europe et d’Italie de 49er FX l’année précédente. En 2015, Francesca a reçu le Collare d’Oro du Mérite sportif, la plus haute distinction décernée par le&nbsp;CONI, Comité olympique italien.</p>



<p>Depuis 2017, Francesca participe à des projets de voile axés sur la durabilité : en 2017, elle a participé à la Ocean Race de l’époque et a effectué son premier tour du monde à bord du VO65 «&nbsp;Turn the Tide on Plastic&nbsp;» de la Mirpuri Foundation, dans le but de sensibiliser à la réduction de l’utilisation du plastique ; au début de l’année 2023, elle a rejoint l’équipage de «&nbsp;11th Hour Racing&nbsp;», une équipe créée pour promouvoir la protection de l’environnement, et a entamé son deuxième tour du monde dans la classe IMOCA.</p>

<p>Francesca Clapcich est une navigatrice olympique italienne née à Trieste en 1988. Des dériveurs au tour du monde en équipage, Francesca est l’une des rares navigatrices italiennes à avoir participé à l’Ocean Race, la course qui, tous les trois ans, conduit des équipages internationaux autour du monde. Enrôlée pendant neuf ans dans l’armée de l’air, [&hellip;]</p>

<!-- This site is optimized with the Yoast SEO plugin v24.3 - https://yoast.com/wordpress/plugins/seo/ -->
<title>Francesca Clapcich - IBSA Sailing</title>
<meta name="robots" content="index, follow, max-snippet:-1, max-image-preview:large, max-video-preview:-1" />
<link rel="canonical" href="https://www.ibsasailing.com/fr/francesca-clapcich/" />
<meta property="og:locale" content="fr_FR" />
<meta property="og:type" content="article" />
<meta property="og:title" content="Francesca Clapcich - IBSA Sailing" />
<meta property="og:description" content="Francesca Clapcich est une navigatrice olympique italienne née à Trieste en 1988. Des dériveurs au tour du monde en équipage, Francesca est l’une des rares navigatrices italiennes à avoir participé à l’Ocean Race, la course qui, tous les trois ans, conduit des équipages internationaux autour du monde. Enrôlée pendant neuf ans dans l’armée de l’air, [&hellip;]" />
<meta property="og:url" content="https://www.ibsasailing.com/fr/francesca-clapcich/" />
<meta property="og:site_name" content="IBSA Sailing" />
<meta property="article:publisher" content="https://www.facebook.com/ibsapharma/" />
<meta property="article:modified_time" content="2023-07-25T10:04:44+00:00" />
<meta property="og:image" content="https://www.ibsasailing.com/wp-content/uploads/2023/07/Francesca-Clapcich.jpeg" />
	<meta property="og:image:width" content="1440" />
	<meta property="og:image:height" content="1080" />
	<meta property="og:image:type" content="image/jpeg" />
<meta name="twitter:card" content="summary_large_image" />
<meta name="twitter:label1" content="Durée de lecture estimée" />
	<meta name="twitter:data1" content="2 minutes" />
<script type="application/ld+json" class="yoast-schema-graph">{"@context":"https://schema.org","@graph":[{"@type":"WebPage","@id":"https://www.ibsasailing.com/fr/francesca-clapcich/","url":"https://www.ibsasailing.com/fr/francesca-clapcich/","name":"Francesca Clapcich - IBSA Sailing","isPartOf":{"@id":"https://www.ibsasailing.com/#website"},"datePublished":"2023-06-15T07:54:46+00:00","dateModified":"2023-07-25T10:04:44+00:00","breadcrumb":{"@id":"https://www.ibsasailing.com/fr/francesca-clapcich/#breadcrumb"},"inLanguage":"fr-FR","potentialAction":[{"@type":"ReadAction","target":["https://www.ibsasailing.com/fr/francesca-clapcich/"]}]},{"@type":"BreadcrumbList","@id":"https://www.ibsasailing.com/fr/francesca-clapcich/#breadcrumb","itemListElement":[{"@type":"ListItem","position":1,"name":"Home","item":"https://www.ibsasailing.com/fr/"},{"@type":"ListItem","position":2,"name":"Francesca Clapcich"}]},{"@type":"WebSite","@id":"https://www.ibsasailing.com/#website","url":"https://www.ibsasailing.com/","name":"IBSA Sailing","description":"Sailing into the Future. Together","publisher":{"@id":"https://www.ibsasailing.com/#organization"},"potentialAction":[{"@type":"SearchAction","target":{"@type":"EntryPoint","urlTemplate":"https://www.ibsasailing.com/?s={search_term_string}"},"query-input":{"@type":"PropertyValueSpecification","valueRequired":true,"valueName":"search_term_string"}}],"inLanguage":"fr-FR"},{"@type":"Organization","@id":"https://www.ibsasailing.com/#organization","name":"IBSA Sailing","url":"https://www.ibsasailing.com/","logo":{"@type":"ImageObject","inLanguage":"fr-FR","@id":"https://www.ibsasailing.com/#/schema/logo/image/","url":"https://www.ibsasailing.com/wp-content/uploads/2022/11/IBSA_RdR_StartDay40-1-scaled.jpg","contentUrl":"https://www.ibsasailing.com/wp-content/uploads/2022/11/IBSA_RdR_StartDay40-1-scaled.jpg","width":2560,"height":1523,"caption":"IBSA Sailing"},"image":{"@id":"https://www.ibsasailing.com/#/schema/logo/image/"},"sameAs":["https://www.facebook.com/ibsapharma/"]}]}</script>
<!-- / Yoast SEO plugin. -->

Francesca Clapcich est une navigatrice olympique italienne née à Trieste en 1988. Des dériveurs au tour du monde en équipage, Francesca est l’une des rares navigatrices italiennes à avoir participé à l’Ocean Race, la course qui, tous les trois ans, conduit des équipages internationaux autour du monde. Enrôlée pendant neuf ans dans l’armée de l’air, [&hellip;]
